reds digit of 62137?
1
What is the hundreds digit of 112109?
1
What is the thousands digit of 68923?
8
What is the ten thousands digit of 48490?
4
What is the tens digit of 12742?
4
What is the hundreds digit of 8283?
2
What is the hundreds digit of 65322?
3
What is the thousands digit of 10885?
0
What is the units digit of 486?
6
What is the units digit of 54815?
5
What is the tens digit of 973?
7
What is the hundreds digit of 4272?
2
What is the hundreds digit of 765?
7
What is the thousands digit of 3003?
3
What is the tens digit of 53277?
7
What is the hundred thousands digit of 103517?
1
What is the tens digit of 81175?
7
What is the units digit of 2453?
3
What is the units digit of 3231?
1
What is the units digit of 541?
1
What is the units digit of 22774?
4
What is the units digit of 56341?
1
What is the tens digit of 99?
9
What is the hundreds digit of 117501?
5
What is the thousands digit of 27854?
7
What is the thousands digit of 2044?
2
What is the units digit of 30460?
0
What is the thousands digit of 2870?
2
What is the tens digit of 4887?
8
What is the units digit of 930?
0
What is the tens digit of 49351?
5
What is the hundreds digit of 3970?
9
What is the tens digit of 436?
3
What is the units digit of 1030?
0
What is the units digit of 2?
2
What is the tens digit of 3860?
6
What is the tens digit of 11444?
4
What is the hundreds digit of 4269?
2
What is the units digit of 1396?
6
What is the units digit of 3364?
4
What is the thousands digit of 2541?
2
What is the hundreds digit of 1927?
9
What is the tens digit of 22479?
7
What is the ten thousands digit of 21170?
2
What is the tens digit of 859?
5
What is the tens digit of 78276?
7
What is the hundreds digit of 3578?
5
What is the units digit of 56434?
4
What is the hundreds digit of 3227?
2
What is the hundreds digit of 1016?
0
What is the tens digit of 110?
1
What is the hundreds digit of 5735?
7
What is the tens digit of 46491?
9
What is the tens digit of 9789?
8
What is the hundreds digit of 11759?
7
What is the thousands digit of 19475?
9
What is the units digit of 2249?
9
What is the thousands digit of 1021?
1
What is the hundreds digit of 5698?
6
What is the hundreds digit of 6642?
6
What is the units digit of 32941?
1
What is the hundreds digit of 99865?
8
What is the thousands digit of 42804?
2
What is the ten thousands digit of 35189?
3
What is the units digit of 1363?
3
What is the tens digit of 18699?
9
What is the tens digit of 32341?
4
What is the tens digit of 69084?
8
What is the tens digit of 73340?
4
What is the ten thousands digit of 42900?
4
What is the hundreds digit of 1140?
1
What is the units digit of 724?
4
What is the thousands digit of 45267?
5
What is the hundreds digit of 1009?
0
What is the hundreds digit of 4462?
4
What is the units digit of 28576?
6
What is the units digit of 878?
8
What is the hundreds digit of 33207?
2
What is the hundreds digit of 3180?
1
What is the tens digit of 8734?
3
What is the units digit of 23267?
7
What is the hundreds digit of 24258?
2
What is the hundreds digit of 2768?
7
What is the ten thousands digit of 28503?
2
What is the tens digit of 451?
5
What is the units digit of 1997?
7
What is the tens digit of 2033?
3
What is the tens digit of 41980?
8
What is the tens digit of 298?
9
What is the hundreds digit of 690?
6
What is the tens digit of 10053?
5
What is the ten thousands digit of 22756?
2
What is the units digit of 1034?
4
What is the units digit of 1294?
4
What is the units digit of 6004?
4
What is the tens digit of 958?
5
What is the hundreds digit of 13093?
0
What is the units digit of 82182?
2
What is the units digit of 13701?
1
What is the thousands digit of 24149?
4
What is the units digit of 6494?
4
What is the hundreds digit of 180?
1
What is the tens digit of 30269?
6
What is the hundreds digit of 7295?
2
What is the units digit of 2607?
7
What is the ten thousands digit of 32604?
3
What is the units digit of 959?
9
What is the ten thousands digit of 11825?
1
What is the units digit of 13162?
2
What is the units digit of 77889?
9
What is the tens digit of 3064?
6
What is the units digit of 844?
4
What is the tens digit of 1965?
6
What is the thousands digit of 3356?
3
What is the hundreds digit of 2297?
2
What is the tens digit of 2513?
1
What is the hundreds digit of 1984?
9
What is the units digit of 1613?
3
What is the hundreds digit of 1849?
8
What is the hundreds digit of 2753?
7
What is the hundreds digit of 22469?
4
What is the thousands digit of 11072?
1
What is the thousands digit of 2466?
2
What is the hundreds digit of 55378?
3
What is the units digit of 1366?
6
What is the units digit of 2542?
2
What is the thousands digit of 54478?
4
What is the units digit of 4479?
9
What is the units digit of 352?
2
What is the units digit of 293?
3
What is the tens digit of 81683?
8
What is the hundreds digit of 16406?
4
What is the hundreds digit of 393?
3
What is the hundreds digit of 165288?
2
What is the tens digit of 3237?
3
What is the hundreds digit of 704?
7
What is the hundreds digit of 107?
1
What is the units digit of 210?
0
What is the units digit of 13215?
5
What is the units digit of 14632?
2
What is the tens digit of 404?
0
What is the tens digit of 258?
5
What is the tens digit of 351?
5
What is the tens digit of 65?
6
What is the units digit of 5894?
4
What is the thousands digit of 17551?
7
What is the hundred thousands digit of 167729?
1
What is the ten thousands digit of 32087?
3
What is the units digit of 279?
9
What is the thousands digit of 1458?
1
What is the tens digit of 49586?
8
What is the units digit of 32793?
3
What is the hundreds digit of 174664?
6
What is the thousands digit of 3129?
3
What is the tens digit of 443?
4
What is the units digit of 18?
8
What is the tens digit of 350?
5
What is the hundreds digit of 2211?
2
What is the thousands digit of 1765?
1
What is the tens digit of 1857?
5
What is the hundreds digit of 3116?
1
What is the units digit of 33673?
3
What is the hundreds digit of 1652?
6
What is the units digit of 10876?
6
What is the hundreds digit of 1361?
3
What is the thousands digit of 1541?
1
What is the hundreds digit of 28061?
0
What is the units digit of 7885?
5
What is the tens digit of 54098?
9
What is the hundreds digit of 90901?
9
What is the tens digit of 125185?
8
What is the tens digit of 6817?
1
What is the ten thousands digit of 94359?
9
What is the thousands digit of 12919?
2
What is the hundreds digit of 60332?
3
What is the tens digit of 15084?
8
What is the ten thousands digit of 42927?
4
What is the thousands digit of 39059?
9
What is the tens digit of 15655?
5
What is the units digit of 31012?
2
What is the tens digit of 613?
1
What is the thousands digit of 5273?
5
What is the hundreds digit of 4498?
4
What is the tens digit of 1563?
6
What is the ten thousands digit of 32412?
3
What is the units digit of 4713?
3
What is the tens digit of 2479?
7
What is the hundreds digit of 1049?
0
What is the tens digit of 24907?
0
What is the tens digit of 290?
9
What is the tens digit of 163?
6
What is the hundreds digit of 8806?
8
What is the thousands digit of 10695?
0
What is the tens digit of 83944?
4
What is the hundreds digit of 2275?
2
What is the units digit of 1370?
0
What is the tens digit of 92856?
5
What is the hundreds digit of 5385?
3
What is the thousands digit of 5969?
5
What is the units digit of 809?
9
What is the units digit of 953?
3
What is the units digit of 781?
1
What is the units digit of 1377?
7
What is the thousands digit of 2796?
2
What is the tens digit of 50623?
2
What is the hundreds digit of 461?
4
What is the hundreds digit of 72952?
9
What is the thousands digit of 11432?
1
What is the hundreds digit of 63275?
2
What is the hundreds digit of 59707?
7
What is the tens digit of 3917?
1
What is the thousands digit of 47695?
7
What is the tens digit of 4158?
5
What is the hundreds digit of 280?
2
What is the units digit of 35964?
4
What is the ten thousands digit of 12044?
1
What is the hundreds digit of 40317?
3
What is the tens digit of 8102?
0
What is the thousands digit of 82924?
2
What is the hundreds digit of 790?
7
What is the hundreds digit of 10730?
7
What is the hundreds digit of 1037?
0
What is